 - 26. Let j(r) = 19*r - 110. Let l(q) = j(q) - 4*s(q). Let z = -2 + 2. Give l(z).
-6
Let z be (28/(-77))/((-2)/11). Let n(d) = d + 37 - 25 - z. Determine n(-17).
-7
Let g(c) be the first derivative of -5*c**2/2 - 51*c - 1565. What is g(-11)?
4
Let k be 2 - 6 - (-6 - 0). Suppose -3*n - 15 = k*n, -n = -3*z - 12. Let d(p) = p**3 + 4*p**2 - 6*p. Give d(z).
5
Let c be -2 - -1 - 306/(-18). Suppose -4*i - 10 = -g + 4*g, -c = 3*i - 2*g. Let r(l) be the first derivative of l**2/2 - 4*l - 9. Give r(i).
-8
Let c(l) = l**2 - l + 1. Let p be c(1). Let m(i) = 37*i**3 + 10*i**2 + 9*i + 35. Let j(t) = t**3 + t**2 + t + 4. Let r(b) = -9*j(b) + m(b). Calculate r(p).
28
Let u(c) = -c. Suppose 0*z - 29*z = -3*z - 2236. Let j = 167 + -78. Let r = z - j. Give u(r).
3
Let k(z) = -11*z**3 - 13*z**2 + 14*z - 13. Let g(d) = 2*d**3 + d**2. Let p(s) = -6*g(s) - k(s). Calculate p(5).
-7
Let k be 2/(4*3/18). Let v(i) = 2*i**3 - 4*i**2 - 3*i + 3. Let a(r) = -507 - 2*r + 3*r**3 - 513 - 3*r**2 + 1022. Let c(m) = k*a(m) - 2*v(m). Determine c(1).
4
Let h(r) = 4*r**2 + 27*r - 14. Let n(i) = -3*i**3 + 11*i**2 + 3*i + 75. Let a be n(5). Calculate h(a).
116
Suppose 347 = 49*d + 45*d + 1287. Let f(r) = 7*r - 6 - 19*r + 4*r**2 - 9 - 5*r**2. Determine f(d).
5
Let y(k) = -2*k + 73. Let g be (-83265)/(-3549) - (19/13 - 1). Determine y(g).
27
Let m be (2 - -15 - 0) + 1085/(-217). Let g(k) = -k**3 + 10*k**2 + 21*k - 7. What is g(m)?
-43
Let p(b) = 3*b. Let g(o) = o**2 + 9*o + 14. Let t be g(-7). Suppose 4*k + 4*q = t, 7*k + 4*q = 6*k - 3. Let w = k + 5. Give p(w).
18
Suppose -4*m + 0*m = -60. Let k be (2/1)/(2/4). Suppose -m = k*t - t. Let v(d) = -d - 6. Determine v(t).
-1
Let g(t) be the third derivative of t**6/120 + t**5/30 - 17*t**4/24 - 6*t**3 - t**2 + 48*t. What is g(-3)?
6
Let d(y) be the second derivative of -5*y**4/12 + 2*y**2 - 36*y - 2. Let v(h) = -2*h**2 + 5 - 4 + h + h**2. Let q(o) = d(o) - 2*v(o). Give q(-2).
-6
Let j(c) = 4*c**3 + 23*c**2 + 32*c - 1. Let v(s) = s**3 + 7*s**2 + 10*s. Let z(b) = 2*j(b) - 7*v(b). Let h = 27 + -22. Give z(h).
18
Let h(r) be the third derivative of r**6/120 - r**5/12 - 37*r**4/24 + 31*r**3 - 3407*r**2. Determine h(5).
1
Let m(j) be the second derivative of j**4/12 + 2*j**3/3 + 3*j**2/2 - j. Suppose 5*t = -10*t + 45. Suppose 3*c + 4*k = -k - 6, 0 = -t*k. Determine m(c).
-1
Let p(w) be the third derivative of w**5/60 + 3*w**4/4 + 27*w**3/2 - 175*w**2 + 2. What is p(-10)?
1
Let l(c) = c**2 - 8*c + 5. Let q = -2082 - -2089. What is l(q)?
-2
Let b(y) be the second derivative of -y**5/20 + 25*y**4/12 + 4*y**3 + 51*y**2/2 - 666*y. Calculate b(26).
-1
Suppose 5*p + 20 = 0, 5*m + 12*p - 15*p = 147. Let h = m - 27. Let f be (-10)/(-1 - 1) - (h + -1). Let r(s) = -s**3 + 6*s**2 + 4. What is r(f)?
4
Let l(b) = -b**3 + 2*b**2 + 2*b + 4. Let c(q) = -95*q**3 + 10*q + 11. Let y be c(-1). Let w be (-1)/4 - (-8)/y*39. Determine l(w).
1
Let q(c) = -c + 7. Let d be q(6). Suppose 7 = -2*k + d. Let m(o) be the second derivative of o**4/12 + o**3/3 + o - 8026. Calculate m(k).
3
Let h = -50 - -35. Let b be ((-18)/h)/(6/(-40)). Let t(y) = -4*y + 1. Let g(m) = -m**2 + 14*m - 16. Let z(q) = g(q) + 6*t(q). Calculate z(b).
6
Let w(q) = -q**2 - 2*q - 2. Let t = -95 - -68. Let v = t - -29. Suppose -28 = -v*g + 9*g. Determine w(g).
-10
Let a(v) = v - 8. Let g(x) = -1. Suppose -11 = -6*y + 13. Let c(t) = y*g(t) - a(t). Give c(0).
4
Let y(h) be the first derivative of -2*h + 1/2*h**2 - 14. What is y(4)?
2
Let r(x) = x**3 + 8*x**2 + x - 10. Let m be (-2)/12 - 1348/(-24). Let n be 40/(-12)*60/(-100). Suppose 0 = -n*f + 9*f + m. Give r(f).
-18
Let c(l) = -5*l + 3. Let u = -29 + 29. Let x be 3/(-6) + (-5)/(-2) + u. What is c(x)?
-7
Suppose u + 3*r = -9, -3*r - 8 = -r. Let n be u - (0 - (1 - -2)). Let w(o) be the third derivative of -o**4/24 + 2*o**3/3 + 5*o**2 + 5. Calculate w(n).
-2
Let i = 3126 - 3128. Let m(l) = -22*l**2 - 5*l - 3. What is m(i)?
-81
Let n be 27/(-18)*(-40)/(-60). Let y(q) be the second derivative of -q**5/4 + q**3/3 + q**2 + q. What is y(n)?
5
Let u(f) = 11*f**3 + f**2 - 9*f + 12. Let n(x) = 33*x**3 + 3*x**2 - 24*x + 33. Let q(m) = -4*n(m) + 11*u(m). Give q(-2).
90
Suppose -27 = 5*m - 2*h + 12, 0 = -4*m - h - 26. Let k(o) = -6*o - 56. What is k(m)?
-14
Let i(v) be the first derivative of -v**3/3 + v**2 - 7*v - 1362. Let r = -17 - -17. Determine i(r).
-7
Let d(z) = -3*z**3 + 12*z**2 + 21*z + 5. Let b(y) = -10*y**3 + 37*y**2 + 71*y + 14. Let g(p) = 2*b(p) - 7*d(p). Calculate g(10).
-57
Suppose 5*z + 4 = -4*r, 35 = r - 5*z + 11. Let l(o) = o**3 - 3*o**2 - 3*o - 5. Give l(r).
-1
Let f(p) = -8*p**2 + 5*p + 33. Let c(s) = -3*s**2 + 3*s + 17. Let x(a) = 7*c(a) - 4*f(a). Let k(i) = -24*i**2 - i + 27. Let h(b) = 6*k(b) + 13*x(b). Give h(10).
-37
Let p(s) = s**3 + s**2 + s - 2. Let r(z) = 8*z**3 + z**2 + 2*z - 3. Let b(k) = 2*p(k) - r(k). Let n = -48 - -47. What is b(n)?
6
Let b be (6/(-8))/(39 + -14 + -31). Let g(t) be the third derivative of b*t**4 - 19*t**2 + 0 + 0*t - 1/3*t**3. Calculate g(3).
7
Let a(p) = p. Let h = 62 - -2. Let z = h + -28. Let g = z - 35. What is a(g)?
1
Let z(k) = -k**2 - 5*k - 8. Let t be z(-5). Suppose -50*i = -53*i + 75. Let v(w) = 14*w - 5*w**2 + 4*w**2 - 12 - i*w. Determine v(t).
12
Let k be 6 - ((-123)/(-328) + 118/(-16)*1). Let s(t) = 6*t - 69. What is s(k)?
9
Suppose 4*a + 18 = -a + 23. Let g(j) = 12*j**3 + j**2 - 4*j + 2. Calculate g(a).
11
Let l(h) be the first derivative of -99 + 8*h**2 - 1/3*h**3 - 11*h. What is l(14)?
17
Let t(r) = r**3 - 4*r**2 - 4*r + 3. Let o be 4 + (79 - 2) + 4. Let g be (49 - 44)/((3/(-16))/3). Let y = g + o. What is t(y)?
8
Let y = 7771 + -7766. Suppose -4*k + 5 = -7. Let h(w) = k*w - 10*w + w**2 + 2 + 1. Calculate h(y).
-7
Let w(k) = 27*k + 6. Let j(t) = t + 3. Let x(p) = j(p) + w(p). Calculate x(0).
9
Let z(a) = 2*a + 11. Suppose 2*w - 1 + 3 = 0. Let d(j) = -14*j**2 - 2*j + 1. Let k be d(w). Give z(k).
-11
Let j(q) = 8*q**3 - q**2 - q. Let s be -1 + 96/45 - 2/15. Let d be (-5 - (1 - 4 - s))*-2. Suppose 0 = -8*i + 6*i - d. Determine j(i).
-8
Let n(a) = -2*a + 2*a + a - 3. Let b(r) = -r**3 + 15*r**2 - 27*r + 17. Let o be b(13). Suppose -o*p + 3*k = -23, 5*p = -3*k + 19 + 3. Determine n(p).
2
Let a(r) be the third derivative of r**6/120 + r**5/15 - r**4/4 + r**3/3 + 382*r**2 + 1. Calculate a(-5).
7
Let b(f) = -f**2 + f. Let m = -7 - -7. Suppose m = -5*i + 13 + 57. Let q = 17 - i. Give b(q).
-6
Let z(f) = -f**2 - 7*f - 23. Let w(y) = 3*y + 12. Let h(x) = -5*w(x) - 2*z(x). Let v(k) be the first derivative of h(k). What is v(6)?
23
Suppose 2*s = -2*i + 6, -s - 5*i = 2*s - 7. Let q(o) be the first derivative of -1/3*o**3 - 4*o - 212 + 2*o**2. Give q(s).
-4
Let u(g) be the second derivative of -g**5/20 + 3*g**4/4 + 2*g**3 - 11*g**2/2 - 4*g + 50. What is u(10)?
9
Let n be (-4)/14 + (-390)/(-42) + -5. Let w(a) = 5 - a**3 - 2*a + n*a**3 - 2*a**3 - 4. Let v(p) = p**3 - 2*p**2 - 4*p + 4. Let u be v(3). Determine w(u).
0
Suppose -3*v = -4*v + 3*v. Let o(a) = -18 + 6*a - a - 3*a + v*a. What is o(6)?
-6
Let u(n) = 5*n + 9. Let m(c) = -16*c - 23. Let q(h) = m(h) + 3*u(h). What is q(-18)?
22
Let z(x) = 320 + 308 - 3*x - 683. Determine z(-7).
-34
Let t = 5 - 9. Let n(c) = 3*c - 1. Let l(u) = 2*u - 1. Let p be 448/80 + (-3)/5. Let r(f) = p*l(f) - 3*n(f). Calculate r(t).
-6
Let i = 3 + -8. Let s(l) be the third derivative of -l**5/30 - 7*l**4/24 + l**3/3 + 888*l**2 - 14*l. What is s(i)?
-13
Let u(b) = 8*b - 30. Let o be u(9). Suppose 4*r = 50 - o. Let h(n) = 17*n + 2. Calculate h(r).
36
Let t(x) = -2*x**2 - 35*x + 60. Let u(s) = 2*s**2 + 36*s - 58. Let m(l) = 3*t(l) + 4*u(l). Let p be m(-21). Let o(j) = -j**2 + 13*j - 16. Determine o(p).
6
Let m be (-7)/((-28)/(-16)) + (-1 - -6). Suppose -j + 27 = 5*l, -j = -l + j + m. Let k(p) = -4*p + 5. Give k(l).
-15
Suppose 5*l + j - 2 = -2*j, -5*l = -2*j + 18. Let q be 7*(-1 + (l - -2)). Let z(n) = 49*n + 50*n - 214*n + 52*n + 7 + 65*n. Determine z(q).
-7
Let q(h) = -67*h**2 + 47*h**2 + 21*h**2 + 7*h - 13 + 4. What is q(-9)?
9
Let u be 2*(1 - 0)*1. Let i(f) = f - 3*f**u + 2*f**2 - 8 + 0*f**2. Suppose -4*j = -5*q + 8*q + 3, -q = 4*j + 1. Determine i(j).
-8
Let p(a) be the third derivative of 1/12*a**4 + 1/15*a**5 - 21*a**2 + 0*a + 1/120*a**6 + 0 + 1/3*a**3. Let h(l) = -l - 6. Let r be h(-